3
Let p = -41 - -44. Suppose -3*h + p*i + 21 = 0, 3*i + 18 - 3 = 0. Let z(j) = -3 + j**2 + j**3 + 0*j + 4*j - 3*j**2. Determine z(h).
5
Let b(m) = -5*m + 17. Let k(a) = 2*a - 6. Let o(u) = 3*b(u) + 8*k(u). Let g be o(0). Let n(i) = -3*i**g + 4*i**3 + i**2 - i - 2*i**2. Determine n(-2).
-10
Suppose 2*l + 4 = -2*l. Let d be -2 + 0 + 3 + l. Let j = -1 + d. Let n(w) = -w**3 + w**2 - w - 1. What is n(j)?
2
Suppose 4*u - 6 = 14. Let r = -4 - u. Let z(o) = o**2 + 8*o - 8. Let w be z(r). Let j(h) = 11*h**3 - 1. Determine j(w).
10
Let o(d) = 0 - d**3 + 0*d + 1 + 7*d + 4*d**2 - 3. Give o(5).
8
Let s(n) = -n**2 - 3*n + 3. Let u be -2 + -1 + 6 + -1. Calculate s(u).
-7
Let j = -28 - -44. Suppose 4 = -5*y - j. Let q(k) = -k**2 - 3*k - 5. What is q(y)?
-9
Let t(a) be the third derivative of -a**6/120 - a**5/15 + 7*a**4/24 + 5*a**3/6 - 14*a**2. Determine t(-5).
-5
Let c = -11 - -15. Let d(t) = 4*t**3 - t**2 + 9. Let u(m) = m**3 + m**2 + m + 1. Let o(j) = d(j) - 3*u(j). Calculate o(c).
-6
Let y(q) be the third derivative of -q**5/60 - q**4/24 + q**3/6 + 17*q**2. Calculate y(-2).
-1
Let n(l) = -l**3 - 7*l**2 - 4*l + 5. Suppose 0 = 3*i - 2*i + 8. Let v be (-7 - i)*(-6 + 0). What is n(v)?
-7
Suppose b + 2*u = -15 + 5, 3*b = 5*u + 25. Let h be 6 + (4 - (-3 - -8)). Let a(r) = 1 + 3*r + h + b - 2*r. Give a(-3).
3
Let i(a) be the first derivative of -a**4/4 - 2*a**3/3 - a**2/2 - 2*a - 6. Let m be 0 + 3 + -2 - 3. Determine i(m).
0
Let j(o) = -2*o - 3. Suppose 3*z = -z. Let s(w) = -w**3 + 2. Let k be s(z). Let h = k + -5. Calculate j(h).
3
Let v(h) = h - 1. Let w be v(-3). Let q be (w/(-5))/(6/15). Let d be ((-8)/(-3))/(q/3). Let g(o) = o**3 - 3*o**2 - 4*o + 5. Give g(d).
5
Let b = 63 + -60. Let o(p) = p**2 - 2*p**2 + 2*p**2. Let n(u) = 3*u**2 + 3*u - 1. Let q(h) = -n(h) + 5*o(h). Give q(b).
10
Let p(n) = -5*n**2 - 8*n. Let w(v) = -v**3 - 6*v**2 - 6. Let t be w(-6). Let q(z) = z**2 + z. Let h(c) = t*q(c) - p(c). Give h(4).
-8
Let w(p) = p - 4. Let d(s) = s**3 - 8*s**2 + 7*s - 2. Let f be d(7). Let t be (f - 0)*(-10)/4. Let b(r) = -r**2 + 5*r. Let a be b(t). Calculate w(a).
-4
Let g(t) = 3*t**2 + 2*t. Let m be g(-2). Suppose -5*z = 2*h - 10, 4*z + 4*h = 2*h + m. Let b(u) = 0*u**2 + u**2 + 2 + z + 2 - 7*u. Determine b(6).
0
Suppose 5*p = -5*u + 3*p - 10, 0 = 4*u + p + 8. Let q(g) = -g**3 - 2*g**2 + g - 1. Let k be q(u). Let s(m) = -4*m - 4. What is s(k)?
8
Let q(a) = -8 - 7*a**2 + 4 + 4. What is q(1)?
-7
Suppose 5*m + 3*a = -0*a - 35, 0 = -3*m - 2*a - 22. Let s(l) = -3*l + 6 + 4*l + 0*l. What is s(m)?
2
Let i(z) = 6*z**2 - z - 1. Let o(u) = -u**2 + 4*u + 4. Suppose 4*r + 16 = 4*m, 5*r - r + 8 = 2*m. Let h be o(m). Suppose h*w + 2 + 2 = 0. Determine i(w).
6
Suppose 0 = -3*w - 7*r + 3*r - 5, 0 = 2*w + 5*r + 8. Let a(x) be the first derivative of x**4 + x + 29. What is a(w)?
5
Suppose -4*c - 4*v + 22 = -2*c, -3*c + 8 = v. Let o(q) = -q - 1. What is o(c)?
-2
Let t(y) = y**2 + 8*y + 7. Suppose -5*u - 91 = -2*a, 2*a = u - 0*u + 71. Suppose 4*b = 3*i - 33, 5*b = 2*i - i - a. Determine t(b).
-5
Let w(u) be the first derivative of 5/2*u**2 - 2 + 8*u. Let b(t) = -14*t - 24. Let y(s) = -6*b(s) - 17*w(s). Calculate y(4).
4
Let q = 71 - 46. Suppose k + 4*k - q = 0. Let n(j) = -j**3 + 4*j**2 + 6*j - 3. Calculate n(k).
2
Let z(j) be the third derivative of -j**9/60480 + j**8/3360 + j**7/5040 + j**6/180 + j**5/15 - 6*j**2. Let b(d) be the third derivative of z(d). Calculate b(6).
10
Suppose 2 = 3*l - 22. Suppose 5*m + 16 = 2*p, p + m + l = -p. Let r(c) be the first derivative of -c**4/4 - c**3/3 - 2*c + 4. Determine r(p).
2
Let f(s) be the third derivative of s**6/120 + s**5/12 + s**4/12 + s**3/3 - 3*s**2. Suppose -9*i = -4*i + 25. Give f(i).
-8
Let u(p) = -p**3 - 4*p**2 - 4*p - 2. Suppose -z - 4*z - 10 = 0. Let m = 0 + z. Let f = 0 + m. Calculate u(f).
-2
Let p(m) be the third derivative of 0*m - 1/24*m**4 + 0 + 5/3*m**3 - m**2. Give p(7).
3
Let l(g) be the second derivative of g**7/840 - g**5/120 - g**4/24 - g**3/2 - 4*g. Let n(p) be the second derivative of l(p). Calculate n(2).
5
Let b(x) = 3 + x**2 + 2 - 7*x + 0*x**3 + x**3 + 5*x**2. Calculate b(-7).
5
Let o(w) = -10*w + 17. Let g(t) = 7*t - 11. Let y(z) = 7*g(z) + 5*o(z). Calculate y(4).
4
Let w(m) = m**2 - 6*m + 6. Let u be w(3). Let i(y) = 3*y**2 - y - 13. Let r(v) = 2*v**2 - 7. Let l(h) = 3*i(h) - 5*r(h). Calculate l(u).
-4
Let x = 2 - 3. Let t(p) = 21*p**2 + 6*p - 19*p**2 + 1 + 4*p**3 - 4*p. Give t(x).
-3
Let c = 35 + -36. Let f(d) = d**3 - d**2. What is f(c)?
-2
Let o(y) = 2*y**2 - 55*y + 56*y + 2*y**2 - 3*y**2 - 3. Give o(0).
-3
Let n(b) = b**2. Let l(z) = -5*z**2 - 8*z + 4. Let y(k) = -l(k) - 6*n(k). Determine y(7).
3
Let n(m) = m**2 - 16*m + 11. Let j be n(15). Let r(x) be the first derivative of -x**4/4 - 4*x**3/3 - 3*x**2/2 - 6*x - 2. Give r(j).
6
Let w(k) = -4*k - 25. Let i(m) = -m - 6. Let f(l) = 9*i(l) - 2*w(l). What is f(5)?
-9
Let y(o) = 1. Let q(g) = g**2 - 5*g - 9. Let h = -11 - -7. Suppose 0 = 3*f + 7 - 4. Let m(p) = f*q(p) + h*y(p). Determine m(5).
5
Let j(p) = -p**2 + 6*p - 3. Let u(r) = -r**2 - 11*r + 2. Let h be u(-11). Suppose -5*m = -h*m - 15. Give j(m).
2
Let a(h) be the first derivative of h**3/3 + 11*h - 10. What is a(0)?
11
Let y(g) = -g**2 + 2*g + 3. Let o be ((-12)/(-3))/(-2) + -2. Let m(w) = w**2 + 3*w. Let r be m(o). Suppose 10 = 2*q + r. Give y(q).
0
Let p(u) = u + 6. Let b(y) be the third derivative of -y**5/60 + 7*y**4/24 + y**3/3 + 4*y**2. Let n be b(8). Determine p(n).
0
Let y(n) = n**2 - 9*n + 19. Let x be y(6). Let i(f) = -7*f - 1. What is i(x)?
-8
Let w(a) be the first derivative of 1 + 1/20*a**5 + 2/3*a**3 - 1/120*a**6 - a**2 + 0*a + 1/12*a**4. Let y(h) be the second derivative of w(h). What is y(4)?
-4
Suppose -q + 0 - 2 = 0. Let n be (-3)/(3 - (6 + q)). Let s(m) = -2*m**2 + 5*m - 2. What is s(n)?
-5
Let n(r) = 7*r - 3. Let f(o) = 13*o - 7. Let i(g) = -3*f(g) + 7*n(g). Determine i(1).
10
Let l(t) = 2*t - 8. Suppose 0 = 3*b - 6*b. Suppose b = 4*p + 13 + 19. Let c(w) = -w + 5. Let y(v) = p*c(v) - 5*l(v). Calculate y(1).
-2
Suppose -2*d + 6 = d. Let r(b) = 0 + 3*b - 4 + 1. Let i be r(d). Let a(v) = -v**2 + 4. What is a(i)?
-5
Let z be -2*(-3)/(-9)*(0 + -6). Let b(h) be the third derivative of -h**4/24 + h**3/2 - h**2. Give b(z).
-1
Let p(i) = 4 + i + 0*i - 2*i. Give p(6).
-2
Let y be ((-90)/12)/(6/(-8)). Let f = y - 6. Suppose f*a - 24 = 3*x, -5*x - 16 = -2*a + 10. Let t(p) = p + 2. Calculate t(x).
-2
Let z(c) = c**2 - 11*c + 20. Let m be z(9). Let p(r) = 12*r - 11*r + r**3 + 0*r**3 + m - 1 - 6*r**2. Determine p(6).
7
Let g = -11 + 16. Let o(j) = -g*j + 1 + j**3 - 4*j**2 - 3 + 0*j**2. Give o(5).
-2
Let u(l) = 7 + 27*l**2 + 27*l**2 - 53*l**2 - 12*l. What is u(8)?
-25
Suppose 0*f - 3*k - 18 = -2*f, -k = 2*f - 10. Let c(n) = n. Let i(d) = d**2 - d - 1. Let h(b) = 4*c(b) - i(b). Give h(f).
-5
Let a(d) be the second derivative of -d**5/20 + d**3/6 - d**2/2 - 3*d. Let r be a(1). Let v(c) = 4*c**3 + c**2. Calculate v(r).
-3
Let v = 9 - 6. Suppose 0 = v*f + n + 14, -2*f - 2*n = n + 21. Let j(s) = -s - 3. Give j(f).
0
Let n(l) be the first derivative of -l**2 + 14*l - 32. Give n(11).
-8
Let c(h) be the first derivative of h**3/3 - 4*h**2 + 5*h - 27. Give c(8).
5
Let i = -11 + 11. Let v(o) = 5*o**2 - 3*o + 2. Let y(c) = -7*c - 3. Let u be y(-2). Let k(t) = 14*t**2 - 8*t + 7. Let z(s) = u*v(s) - 4*k(s). Determine z(i).
-6
Suppose g - 2*q + 10 - 3 = 0, -5*q = 2*g - 31. Let c(p) be the third derivative of -3*p**2 + 0 + 0*p - 2/3*p**g - 1/24*p**4. Determine c(-3).
-1
Suppose -i - 5*q + 22 = 0, -6*i + 3*q - 4 = -2*i. Let b(c) = 7*c**2 - 7*c**2 + 0*c**2 - c**2. Calculate b(i).
-4
Let a(k) = -2*k**2 + 2*k. Let v be (-12)/(-9)*(-6)/(-4). Calculate a(v).
-4
Let d = -19 - -13. Let o(n) be the first derivative of n**4/4 + 7*n**3/3 + 5*n**2/2 + 1. What is o(d)?
6
Let j(n) be the third derivative of 3*n**4/8 + n**3/3 + 44*n**2. Give j(-2).
-16
Let l be 8*(1 - (-15)/(-6)). Let n be (-56)/l - (-2)/(-3). Let p(c) = -3 + 1 - c**2 - n*c - 4 + 4. Determine p(-4).
-2
Let t = 10 + -7. Let r(z) = 3 - t*z**2 + z + 2*z**2 + 0*z + z**3. Suppose 2*b = p + 4*b + 6, -p - 12 = 4*b. Give r(p).
3
Let l(z) = -2*z**2 + z - 1. Let q(r) = r**2 - r + 1. Let u be (-1)/(-1)*(4 + -1). Let g(d) = u*l(d) + 5*q(d). Determine g(-4).
-6
Let